{"id":17,"date":"2016-11-04T01:25:23","date_gmt":"2016-11-04T00:25:23","guid":{"rendered":"https:\/\/brentrup-immobilien.de\/?page_id=17"},"modified":"2021-09-01T18:19:50","modified_gmt":"2021-09-01T16:19:50","slug":"unsere-leistungen","status":"publish","type":"page","link":"https:\/\/brentrup-immobilien.de\/?page_id=17","title":{"rendered":"Brentrup Immobilien"},"content":{"rendered":"<p><strong>Zu unseren Arbeitsbereichen z\u00e4hlen insbesondere:<\/strong><\/p>\n<p>+ Bewertung und Vermittlung von bebauten und unbebauten Grundst\u00fccken<br \/>\n+ Immobilienverwaltung<br \/>\n+ Finanzierung\/F\u00f6rderung<br \/>\n+ Aufteilung von Mietwohnungen in Wohnungseigentum<br \/>\n+ Aufstellung von Wirtschaftlichkeitsberechnungen und Finanzierungsmodellen<br \/>\n+ Planung und Bau von Familienheimen und Eigentumswohnungen<br \/>\n+ Ver\u00e4u\u00dferung von unbebauten Einzelgrundst\u00fccken<br \/>\n+ Erschlie\u00dfung von Bauland<br \/>\n+ Erstellen von Baupl\u00e4nen<br \/>\n+ Vermietung und Verpachtung von Wohnungen und Gewerbeimmobilien<\/p>\n","protected":false},"excerpt":{"rendered":"<p>Zu unseren Arbeitsbereichen z\u00e4hlen insbesondere: + Bewertung und Vermittlung von bebauten und unbebauten Grundst\u00fccken + Immobilienverwaltung + Finanzierung\/F\u00f6rderung + Aufteilung von Mietwohnungen in Wohnungseigentum + Aufstellung von Wirtschaftlichkeitsberechnungen und Finanzierungsmodellen + Planung und Bau von Familienheimen und Eigentumswohnungen + Ver\u00e4u\u00dferung von unbebauten Einzelgrundst\u00fccken + Erschlie\u00dfung von Bauland + Erstellen von Baupl\u00e4nen + Vermietung und Verpachtung&#8230;<\/p>\n<p class=\"more-link\"><a href=\"https:\/\/brentrup-immobilien.de\/?page_id=17\" class=\"themebutton3\">Read More<\/a><\/p>\n","protected":false},"author":1,"featured_media":156,"parent":0,"menu_order":0,"comment_status":"closed","ping_status":"closed","template":"","meta":{"footnotes":""},"class_list":["post-17","page","type-page","status-publish","has-post-thumbnail","hentry"],"_links":{"self":[{"href":"https:\/\/brentrup-immobilien.de\/index.php?rest_route=\/wp\/v2\/pages\/17","targetHints":{"allow":["GET"]}}],"collection":[{"href":"https:\/\/brentrup-immobilien.de\/index.php?rest_route=\/wp\/v2\/pages"}],"about":[{"href":"https:\/\/brentrup-immobilien.de\/index.php?rest_route=\/wp\/v2\/types\/page"}],"author":[{"embeddable":true,"href":"https:\/\/brentrup-immobilien.de\/index.php?rest_route=\/wp\/v2\/users\/1"}],"replies":[{"embeddable":true,"href":"https:\/\/brentrup-immobilien.de\/index.php?rest_route=%2Fwp%2Fv2%2Fcomments&post=17"}],"version-history":[{"count":5,"href":"https:\/\/brentrup-immobilien.de\/index.php?rest_route=\/wp\/v2\/pages\/17\/revisions"}],"predecessor-version":[{"id":125,"href":"https:\/\/brentrup-immobilien.de\/index.php?rest_route=\/wp\/v2\/pages\/17\/revisions\/125"}],"wp:featuredmedia":[{"embeddable":true,"href":"https:\/\/brentrup-immobilien.de\/index.php?rest_route=\/wp\/v2\/media\/156"}],"wp:attachment":[{"href":"https:\/\/brentrup-immobilien.de\/index.php?rest_route=%2Fwp%2Fv2%2Fmedia&parent=17"}],"curies":[{"name":"wp","href":"https:\/\/api.w.org\/{rel}","templated":true}]}}