{"id":85,"date":"2016-11-12T20:26:18","date_gmt":"2016-11-12T19:26:18","guid":{"rendered":"https:\/\/brentrup-immobilien.de\/?page_id=85"},"modified":"2021-09-01T18:35:57","modified_gmt":"2021-09-01T16:35:57","slug":"finanzierung","status":"publish","type":"page","link":"https:\/\/brentrup-immobilien.de\/?page_id=85","title":{"rendered":"Finanzierung"},"content":{"rendered":"<p><strong>Wie finanziere Ich mein Eigenheim?<\/strong><\/p>\n<p>Nur eine solide und auf Ihre pers\u00f6nliche Situation abgestimmte Finanzierung sorgt langfristig f\u00fcr Freude an Ihrer neuen Immobilie.<br \/>\nEine Finanzierung besteht aus mehr als nur dem g\u00fcnstigsten Zinssatz!<br \/>\nEinige Aspekte, die Sie beachten sollten:<\/p>\n<p>&#8211; langfristige Tragbarkeit<br \/>\n&#8211; evtl. Sondertilgungen<br \/>\n&#8211; Doppelbelastungen w\u00e4hrend der Bauzeit<br \/>\n&#8211; steuerliche Gegebenheiten und M\u00f6glichkeiten<br \/>\n&#8211; Mieteinnahmen<br \/>\n&#8211; staatliche F\u00f6rderungen<\/p>\n<p>Vereinbaren Sie einen Termin zu einem unverbindlichen und kostenlosen Beratungsgespr\u00e4ch.<br \/>\nF\u00fcr Bauherren und Immobilienk\u00e4ufer ist jeder eingesparte Cent wichtig &#8211; auch bei der Finanzierung. Denn selbst kleinste Zinsunterschiede summieren sich im Laufe der Zeit zu einer stolzen Summe . Wir helfen Ihnen zu einer schnellen Kreditentscheidung sowie unb\u00fcrokratische Abwicklung und Auszahlung. Gesamtfinanzierung bis zu 100 % des Kaufpreises oder der Herstellungskosten.<\/p>\n<p>Flexible R\u00fcckzahlungsvereinbarungen langfristig festgeschriebene g\u00fcnstige Konditionen . Bemerkung: Es gibt keine allgemein g\u00fcltigen Regeln f\u00fcr eine optimale Baufinanzierung. Sie erfordert immer eine individuelle Planung, um den pers\u00f6nlichen W\u00fcnschen und finanziellen M\u00f6glichkeiten der einzelnen Baukunden gerecht zu werden.<br \/>\nMit allgemein verst\u00e4ndlichen Erkl\u00e4rungen, Tipps und Warn-Hinweisen wollen wir Sie dabei unterst\u00fctzen.<\/p>\n","protected":false},"excerpt":{"rendered":"<p>Wie finanziere Ich mein Eigenheim? Nur eine solide und auf Ihre pers\u00f6nliche Situation abgestimmte Finanzierung sorgt langfristig f\u00fcr Freude an Ihrer neuen Immobilie. Eine Finanzierung besteht aus mehr als nur dem g\u00fcnstigsten Zinssatz! Einige Aspekte, die Sie beachten sollten: &#8211; langfristige Tragbarkeit &#8211; evtl. Sondertilgungen &#8211; Doppelbelastungen w\u00e4hrend der Bauzeit &#8211; steuerliche Gegebenheiten und M\u00f6glichkeiten&#8230;<\/p>\n<p class=\"more-link\"><a href=\"https:\/\/brentrup-immobilien.de\/?page_id=85\" class=\"themebutton3\">Read More<\/a><\/p>\n","protected":false},"author":1,"featured_media":163,"parent":0,"menu_order":0,"comment_status":"closed","ping_status":"closed","template":"","meta":{"footnotes":""},"class_list":["post-85","page","type-page","status-publish","has-post-thumbnail","hentry"],"_links":{"self":[{"href":"https:\/\/brentrup-immobilien.de\/index.php?rest_route=\/wp\/v2\/pages\/85","targetHints":{"allow":["GET"]}}],"collection":[{"href":"https:\/\/brentrup-immobilien.de\/index.php?rest_route=\/wp\/v2\/pages"}],"about":[{"href":"https:\/\/brentrup-immobilien.de\/index.php?rest_route=\/wp\/v2\/types\/page"}],"author":[{"embeddable":true,"href":"https:\/\/brentrup-immobilien.de\/index.php?rest_route=\/wp\/v2\/users\/1"}],"replies":[{"embeddable":true,"href":"https:\/\/brentrup-immobilien.de\/index.php?rest_route=%2Fwp%2Fv2%2Fcomments&post=85"}],"version-history":[{"count":3,"href":"https:\/\/brentrup-immobilien.de\/index.php?rest_route=\/wp\/v2\/pages\/85\/revisions"}],"predecessor-version":[{"id":89,"href":"https:\/\/brentrup-immobilien.de\/index.php?rest_route=\/wp\/v2\/pages\/85\/revisions\/89"}],"wp:featuredmedia":[{"embeddable":true,"href":"https:\/\/brentrup-immobilien.de\/index.php?rest_route=\/wp\/v2\/media\/163"}],"wp:attachment":[{"href":"https:\/\/brentrup-immobilien.de\/index.php?rest_route=%2Fwp%2Fv2%2Fmedia&parent=85"}],"curies":[{"name":"wp","href":"https:\/\/api.w.org\/{rel}","templated":true}]}}